In base 2, what is -100 - -11110111111?
11110111011
In base 13, what is -185045 - 5?
-18504a
In base 5, what is -144 - 1034?
-1233
In base 6, what is 2 - 50353?
-50351
In base 13, what is 2bb30 - -3?
2bb33
In base 10, what is -116 - 25447?
-25563
In base 7, what is -656 + -10601?
-11560
In base 2, what is -110010101 - 110111010?
-1101001111
In base 16, what is -30735 + 0?
-30735
In base 9, what is -2 + 13525?
13523
In base 14, what is 7d2 + -76?
75a
In base 7, what is 6052 - -3?
6055
In base 13, what is -15124 - 1?
-15125
In base 16, what is -91 - 431?
-4c2
In base 6, what is 150433 - 5?
150424
In base 12, what is -388 - -4b?
-339
In base 11, what is -2 + 4605?
4603
In base 12, what is a + -41385?
-41377
In base 11, what is -2 + -7852a?
-78531
In base 16, what is 4 + 220d6?
220da
In base 5, what is 0 - 1040241?
-1040241
In base 13, what is -37730 - -4?
-37729
In base 16, what is -1a7b - -14e?
-192d
In base 10, what is 6 - -43479?
43485
In base 12, what is 8 + 88440?
88448
In base 11, what is 4 + -37886?
-37882
In base 7, what is -432 - -1214?
452
In base 10, what is 12088 - -3?
12091
In base 3, what is -1112 - -11202?
10020
In base 16, what is 3 + 60eb?
60ee
In base 2, what is 11111100000 + 1001111?
100000101111
In base 8, what is -2125 + -16?
-2143
In base 14, what is -1ba - c2?
-29c
In base 5, what is 2 + 11433002?
11433004
In base 13, what is 2cc + 5c9?
8c8
In base 2, what is -10011100101000110000 + 10?
-10011100101000101110
In base 10, what is 6 - 175760?
-175754
In base 4, what is 10 - 122000?
-121330
In base 4, what is -1200 + 122032?
120232
In base 15, what is 4ac - 3?
4a9
In base 5, what is 3302200 - 11?
3302134
In base 2, what is -1001011 + -10001111?
-11011010
In base 16, what is e2 + -7c?
66
In base 3, what is -2 - -220100210020?
220100210011
In base 13, what is c - -1006c?
1007b
In base 4, what is 10 - 13300102?
-13300032
In base 6, what is 33 + 1442?
1515
In base 8, what is 36 - -6674?
6732
In base 9, what is -10 - 1?
-11
In base 4, what is 23 - -10102013?
10102102
In base 5, what is -2133330 + 110?
-2133220
In base 15, what is -2 + 4ba?
4b8
In base 15, what is dc + -d3?
9
In base 14, what is -13 + d0cb?
d0b8
In base 12, what is 421 + -44?
399
In base 8, what is 42370 - -130?
42520
In base 3, what is -11021002122 - 20?
-11021002212
In base 10, what is -154501 - 3?
-154504
In base 7, what is -5 + -515261?
-515266
In base 15, what is -133 - -2a8?
175
In base 3, what is 1221 - 1200112?
-1121121
In base 13, what is -16248 + 3a?
-1620b
In base 2, what is 0 - -11101101001001?
11101101001001
In base 8, what is -63364 - -3?
-63361
In base 13, what is -3928 + 11?
-3917
In base 15, what is -2d06 - 3?
-2d09
In base 10, what is 0 + 49658?
49658
In base 16, what is -6c + -188?
-1f4
In base 15, what is -2 + -915?
-917
In base 3, what is -12012111220 + -2?
-12012111222
In base 8, what is 146657 - -70?
146747
In base 14, what is -167 + -29a?
-423
In base 4, what is -230130 + 122?
-230002
In base 16, what is 1a1 - -85?
226
In base 12, what is 5 - 10b6b?
-10b66
In base 8, what is -3 + -14465?
-14470
In base 15, what is -17c4 - -2?
-17c2
In base 5, what is 142 - -1341?
2033
In base 4, what is 1223 - 301?
322
In base 5, what is -402300 + 12?
-402233
In base 3, what is -120121 + 11000?
-102121
In base 3, what is 10201210 - -101?
10202011
In base 9, what is -238 + 1047?
708
In base 12, what is -7a390 - 0?
-7a390
In base 9, what is -2721352 + -3?
-2721355
In base 4, what is -231 + 32133?
31302
In base 9, what is 7567 + 41?
7618
In base 3, what is 12000 - -22112?
111112
In base 2, what is -100 + -100001000000?
-100001000100
In base 8, what is -56 + -144675?
-144753
In base 3, what is 101020222 - -20220?
101111212
In base 8, what is -1 - -1207731?
1207730
In base 16, what is -1640 - 2?
-1642
In base 13, what is 64 + 1428?
148c
In base 8, what is -267177 - -5?
-267172
In base 4, what is 0 - -10012230?
10012230
In base 15, what is 1080 - -1?
1081
In base 5, what is 303 - -10410?
11213
In base 6, what is 45 + -3132?
-3043
In base 2, what is 111010101010110010 + -1?
111010101010110001
In base 8, what is -512 + -5523?
-6235
In base 11, what is 9 - 5945?
-5937
In base 3, what is -12000212 + -102?
-12001021
In base 4, what is 21130000 - 11?
21123323
In base 2, what is -101010 + -10101100110?
-10110010000
In base 13, what is -149 - -9?
-140
In base 15, what is 3 - 7a21?
-7a1d
In base 13, what is -303 + 36?
-29a
In base 3, what is -1121211100022 + 0?
-1121211100022
In base 6, what is -10323135 - -1?
-10323134
In base 12, what is 4 + -5b01?
-5ab9
In base 8, what is 3172 - -20?
3212
In base 2, what is 11100100110111101101010 - 101?
11100100110111101100101
In base 11, what is 987 + 201?
1088
In base 13, what is -646 - -1a?
-629
In base 6, what is 1 + 10330?
10331
In base 10, what is -19 + 53165?
53146
In base 8, what is -22 + 1124?
1102
In base 10, what is -5 + 581?
576
In base 11, what is -633413 - 4?
-633417
In base 16, what is -12 + -d?
-1f
In base 2, what is -10101110 + 100110011100111?
100110000111001
In base 15, what is -a1a + 31?
-9d9
In base 8, what is 6720 + -17?
6701
In base 13, what is a3aa6 - 4?
a3aa2
In base 3, what is 10112 - -212010?
222122
In base 16, what is -6 + -1044?
-104a
In base 6, what is -11 - 15024?
-15035
In base 16, what is -74e4 + -3?
-74e7
In base 7, what is -14 + -2162554?
-2162601
In base 13, what is 3769 - -40?
37a9
In base 10, what is -290017 - -3?
-290014
In base 4, what is 1200012 + -1120?
1132232
In base 9, what is 2342 - 58?
2273
In base 11, what is -1120a0 + -5?
-1120a5
In base 13, what is -196 - 179?
-342
In base 9, what is 47 + -888?
-841
In base 6, what is 1 + 301154?
301155
In base 6, what is -10 + 20303?
20253
In base 16, what is 474 + -1?
473
In base 10, what is 322 - 802?
-480
In base 14, what is 2ca + 4?
2d0
In base 16, what is -a328 + 7?
-a321
In base 10, what is 250 + -116?
134
In base 9, what is 161 + -71?
80
In base 6, what is 11 - -30151?
30202
In base 15, what is -75e + -142?
-8a1
In base 6, what is -112325 + -44?
-112413
In base 11, what is -7642 + -14?
-7656
In base 14, what is -4 + -15402?
-15406
In base 4, what is 1100223 + 13?
1100302
In base 11, what is -1 - 8754?
-8755
In base 16, what is -200455 + -1?
-200456
In base 7, what is -12600 - 11?
-12611
In base 3, what is -210122120100 - -1?
-210122120022
In base 16, what is -2fd + 8?
-2f5
In base 16, what is 1b0e - -43?
1b51
In base 3, what is 111220010 + 12?
111220022
In base 14, what is -4 + -1c3aba?
-1c3ac0
In base 13, what is 2c33 - -3?
2c36
In base 8, what is 77633 + -3?
77630
In base 15, what is -3720 - -11?
-370e
In base 2, what is -1 - 111011011011?
-111011011100
In base 11, what is 235498 + -4?
235494
In base 15, what is 3b - -6e?
aa
In base 2, what is -10000111 + 1101100110?
1011011111
In base 14, what is -786b + -99?
-7926
In base 15, what is -3a + 734?
6e9
In base 15, what is -5 + -68b71?
-68b76
In base 13, what is -59 + -1b3?
-23c
In base 15, what is -1c603 - 1?
-1c604
In base 4, what is -1300 - -120123?
112223
In base 9, what is 0 - 1710?
-1710
In base 15, what is 597a + -4?
5976
In base 11, what is 3 + 4998?
49a0
In base 9, what is -3 - 23621?
-23624
In base 5, what is 1 + -4211432?
-4211431
In base 7, what is 110 - -13021?
13131
In base 16, what is -8c + -1e?
-aa
In base 12, what is 4 + -15229?
-15225
In base 4, what is 3101133 + -3?
3101130
In base 10, what is 178906 - -4?
178910
In base 14, what is 8a79 + -1d?
8a5a
In base 12, what is 7 - -3915?
3920
In base 6, what is 21 - -134?
155
In base 12, what is 102b4 - -4?
102b8
In base 16, what is 266 - 75?
1f1
In base 3, what is -2102 - -2112022?
2102220
In base 5, what is 12244214 - -2?
12244221
In base 8, what is -10 + -317670?
-317700
In base 7, what is -4026 + -1151?
-5210
In base 5, what is 10 + 10310232?
10310242
In base 3, what is 201 - -2101220?
2102121
In base 2, what is 1001011110 + -101110?
1000110000
In base 15, what is -e89 - d?
-e97
In base 7, what is -3 - -102626?
102623
In base 14, what is -4 + -1a406?
-1a40a
In base 16, what is 1a9a + -c?
1a8e
In base 6, what is 0 - -154335?
154335
In base 15, what is -abcc - 2?
-abce
In base 5, what is 3 + 20441?
20444
In base 2, what is 10 - -1110100010011010?
1110100010011100
In base 4, what is 113110211 + -12?
113110133
In base 8, what is 137